3
Let t(s) = -21*s + 33. List the prime factors of t(-9).
2, 3, 37
Let r(l) = 3*l - 2. Suppose 0 = -5*n + 4*a + 15, 5*n + 0*a + a = 15. Suppose 0*d + 5*b = -d + 17, n*b - 9 = 0. List the prime factors of r(d).
2
Suppose 2*t + 0*t - 96 = -4*r, 4*t = -3*r + 82. List the prime factors of r*2*3/12.
11
Suppose -3*a = 5*p - 209, -3*p + 2*a - 45 = -159. List the prime factors of p.
2, 5
Let x = 6 + 95. List the prime factors of x.
101
Suppose -165 = -4*b - 5*j, 0 = -4*b + j - 5*j + 168. List the prime factors of b.
3, 5
Let b(m) = -m**3 + 8*m**2 - 9*m - 4. Let t be b(7). Let k = t + 33. List the prime factors of k.
3, 5
Suppose 5*b = -a + 11 + 10, a = -2*b + 6. Suppose 5*l + o + 52 + 19 = 0, 3*o = -5*l - 63. Let q = b - l. List the prime factors of q.
2, 5
What are the prime factors of (274/10)/(1/25*5)?
137
What are the prime factors of (-2)/(4/(-25))*144/180?
2, 5
Let t(k) = 2*k**3 - k**2 + 3*k - 3. Let p be t(2). Suppose 10 = -2*s - 4*g, s - 4 - 3 = g. Let b = p - s. What are the prime factors of b?
2, 3
Let f = -22 + 49. Let i = f - 17. List the prime factors of i.
2, 5
Suppose t = 3*t + 14. Let r(c) = -3*c - 8. What are the prime factors of r(t)?
13
Let c = -1 + 3. Suppose -c*g + 19 = -g. Suppose 0 = -5*i + 3*l + g, -2*l + 7 = 5*i - l. What are the prime factors of i?
2
Let v = -35 - -208. What are the prime factors of v?
173
Let u(a) = 2*a**3 - 5*a**2 + 5*a. List the prime factors of u(2).
2, 3
Suppose 0 = -5*n + 316 + 169. Suppose -5*q - 12 = -n. What are the prime factors of q?
17
Suppose -o = -4*o + 9. Suppose -2*s + 10 = o*s. List the prime factors of (3/s)/((-1)/(-6)).
3
List the prime factors of (-232)/(-10) + 13/(-65).
23
Let g be (-16)/12*-6 + -3. Let q(s) be the third derivative of s**4/12 - s**3 - 2*s**2. What are the prime factors of q(g)?
2
Suppose -h = -2 - 4. Let g(j) = 2*j + 2. List the prime factors of g(h).
2, 7
Suppose -n = -4*g - 10, 0 = -3*n - 2*g - 3*g + 47. Suppose 5*i - 1 = -3*m, 2*m - n = -3*m + 4*i. List the prime factors of 11*-1*(m - 3).
11
Let y(a) = 0*a**2 - 5 - 1 + 0 + a**3 + a + 6*a**2. Let h be y(-5). Let q = h + -10. What are the prime factors of q?
2
Suppose 2*f - 19 - 39 = 0. Suppose 3*x - 2*j = f, 0*x - 2*x = 2*j - 6. List the prime factors of x.
7
Let z = 123 + -65. What are the prime factors of z?
2, 29
Let w = -23 - -33. What are the prime factors of w?
2, 5
Suppose 2*c = -c + 3. Suppose c = -b + 36. List the prime factors of b.
5, 7
Let y be (-50)/(-18) - (-2)/9. Suppose -20 = -f + w, f - y*w = 30 - 2. List the prime factors of f.
2
Let c(p) = p**3 - 4*p**2 + 2*p - 4. List the prime factors of c(6).
2, 5
Let c = -26 - -36. List the prime factors of c.
2, 5
Suppose 3 = -t + 6. Suppose t = 4*y - 2*h - 5, 0 = 4*y - 4*h - 12. What are the prime factors of y/(2 - (-123)/(-63))?
3, 7
Let q(i) = -7*i + 2. List the prime factors of q(-8).
2, 29
Let g be (2 + 0)*(-15)/(-2). Suppose -6*d = -3*d - 15. Suppose -4*m + d*c + 32 = -0, m - 3*c - g = 0. List the prime factors of m.
3
Suppose -4*n + 138 = -n. What are the prime factors of n?
2, 23
Suppose 2*u = -m - 2, 0 = 3*m + m - 4*u - 16. Suppose -3*s - m*z + 61 = 0, -3*s = -z - 73 + 27. List the prime factors of s.
17
Let g(m) = m**3 - 7*m**2 + 3*m - 8. Let b be g(7). Suppose 2*c = -b - 15. List the prime factors of 4/(-14) + (-74)/c.
5
Suppose 0 = k - 1 - 24. Suppose -2*p = -3*p + k. What are the prime factors of p?
5
Let m(r) = -r**3 + 7*r**2 - 5*r - 6. Let g be m(6). Suppose -5 - 2 = -f - x, -2*x + 4 = g. List the prime factors of f.
5
Suppose 4*p = -l + 14, 2*p = 5*l - 4 - 0. Suppose l*z + 4 = -8. List the prime factors of (2/z)/(2/(-66)).
11
Let p = -7 - -12. Suppose 3*i - 11 = y - 2*y, -5*y = -p*i - 115. List the prime factors of y.
2, 5
Let t = 2 - 3. Let h be -7 + (t - (-1 - 2)). List the prime factors of (-3 + -2)*6/h.
2, 3
Let d(r) = 36*r - 2. List the prime factors of d(2).
2, 5, 7
What are the prime factors of -6 - -9 - 5*-3?
2, 3
Let l = 9 - 6. Suppose -2*r = -5*p - 9, -l*r = 2*p - p + 12. What are the prime factors of 1*p/((-3)/11)?
11
Suppose -m - 30 = -3*m. Let t be (-5)/(m/(-12)) - -2. Suppose -2*q + 40 = 4*g + t, -3*g + 4*q = 2. What are the prime factors of g?
2, 3
Suppose -18*a + 15*a = -330. What are the prime factors of a?
2, 5, 11
Let i = 67 - 38. Let q = 41 - i. What are the prime factors of q?
2, 3
Let n = -8 - -19. Suppose 4*d = -n - 1. List the prime factors of 1*2 + (d - -3).
2
Suppose -17 = -r + 7. Let g = -21 + 8. Let o = r + g. List the prime factors of o.
11
Suppose -3*g + 4*g - 18 = 0. List the prime factors of g.
2, 3
Let k be 10/45 + 74/(-9). Let x be (-182)/k - (-6)/24. Suppose -4*p + 1 = -x. List the prime factors of p.
2, 3
Let v(a) = a**2 + 15*a - 9. List the prime factors of v(-16).
7
Let t be 2 + (6 - 3)/(-3). Let j(d) = 5*d**3 - d**2 + d - 1. List the prime factors of j(t).
2
Let m(h) = -h**3 - 3*h**2 + 5*h - 3. Let o be m(-4). Let c = o + 10. Suppose c*f = 4 + 29. List the prime factors of f.
11
Suppose -x = 3*l + 21, 3*x - l = -0*l - 13. Let c = 14 + x. Suppose -2*z = -c - 2. What are the prime factors of z?
5
What are the prime factors of (-3)/(9/(-2))*24?
2
Suppose -5*c + 0 = -20. Suppose -m + 120 = c*m. List the prime factors of m.
2, 3
Let q be -2*(-3 + (-5)/(-2)). What are the prime factors of q/((6/46)/3)?
23
Suppose -3*u + 2*u + 2 = 0. What are the prime factors of u?
2
Let w(v) be the first derivative of v**2/2 + 11*v + 2. Let f be w(-10). List the prime factors of (15 - f)/(1 - 0).
2, 7
Let r = 213 - 112. What are the prime factors of r?
101
Let c = -6 + 7. Suppose -l + c = -1. Suppose -5*g - l = -67. List the prime factors of g.
13
Suppose 236 = -4*g + 5*g - 2*p, 2*g - p - 460 = 0. What are the prime factors of g?
2, 3, 19
Suppose 4*v = -k + 12, -v - 9 = 3*k - 23. Suppose 0 = -4*u - 4*b + 208, 2*u - 109 = -2*b + 5*b. Suppose 13 - u = -k*m. List the prime factors of m.
2, 5
Suppose -5*l + 504 = 3*h, 0 = 2*h - 3*h + l + 160. List the prime factors of h.
163
Suppose -5*w = 2*s - 1 - 2, 5*s = 4*w + 90. What are the prime factors of s?
2, 7
Let y = -133 - -244. What are the prime factors of y?
3, 37
Let o(h) = 2*h**2 - 17*h - 1. Let y be o(12). Let d = -53 + y. What are the prime factors of d?
2, 3, 5
Let i(q) = -q**2 + 1. Let d be i(-1). Suppose -j - 8 = -d*j. Let p = 11 + j. List the prime factors of p.
3
Suppose 168 = 22*t - 19*t. What are the prime factors of t?
2, 7
Let j = 8 - 4. Suppose -91 = -3*u - g + 1, 4*u - 128 = -j*g. Suppose -u = -2*x - 0*x. What are the prime factors of x?
3, 5
Suppose 3*b - 19 = t + 8, 0 = -5*b + 2*t + 46. List the prime factors of (18/(-4))/((-2)/b).
2, 3
Let k = 292 - 185. What are the prime factors of k?
107
Suppose 5*n - 5*h - 95 = 0, 0 = 5*h - 13 - 12. List the prime factors of n.
2, 3
Let m be 1/2 + (-369)/(-6). What are the prime factors of m/6 - 2/6?
2, 5
Suppose -3*p + 546 = 5*t, -4*t + 67 + 369 = 2*p. What are the prime factors of t?
2, 3
Suppose -4*l = -2*l - 4*y - 12, -4*y - 4 = 0. List the prime factors of 200/l*2/5.
2, 5
Suppose 5*l - 3 = 22. Suppose -25 = -3*p - l*m, 0*m = 2*m - 10. Suppose p = -2*q - 2*q + 12. What are the prime factors of q?
3
Let m be 94/14 + 4/14. Suppose -m*f + 30 = -2*f. Suppose f*w = w + 10. List the prime factors of w.
2
Let u be (0 - 0)/(1 - 3). Let z be (-6)/2*(6 + -7). Suppose u*n = -5*a + 4*n + 64, a - 4 = z*n. List the prime factors of a.
2
Suppose 2*a = 2*s + 16, 7 = -3*s + 1. What are the prime factors of a?
2, 3
Let u = -111 + 160. What are the prime factors of u?
7
Suppose -4 = 3*y - 25. Suppose 4*s + 5*u + y = 0, 2*s + 2*u + 2*u = -8. List the prime factors of (3/2)/(s/12).
3
List the prime factors of (1 - -45)/(36/90).
5, 23
Let c(z) = z + 11. Let y be c(-5). Suppose -y = -2*h + x, 2*h - h + 4*x = -6. Suppose h*l - 4*p - 10 = 0, 3*l - 3*p - 9 = l. What are the prime factors of l?
3
Let q be 2 + (-1 - (1 - 3)). List the prime factors of (q + 0)*333/27.
37
Suppose -3 - 13 = -b. Let r = -25 + b. What are the prime factors of -1 - r - (1 + 1)?
2, 3
Let m(t) = -t**3 + 5*t**2 + 8*t - 9. Let q be m(6). Suppose 0 = -4*j + q*j + 79. What are the prime factors of j/7 + (-8)/28?
11
Suppose 2*u + y - 8 = 0, 0*y + 2*y = 3*u - 12. Let s be (u + -2)/(-2) - 10. Let h(b) = -b**2 - 13*b - 14. What are the prime factors of h(s)?
2
Let d(t) = -t**2 + 1